/(-2 - 52/(-24)). Let u(v) = -v**3 - 6*v**2 - v + 9. What is the units digit of u(g)?
5
Suppose -4*y = -3*c - 1007, 1004 = y + 3*y - 4*c. What is the hundreds digit of y?
2
Suppose 769 = 14*t - 3417. What is the units digit of t?
9
Let t(q) = -5*q + 51. What is the tens digit of t(-8)?
9
What is the tens digit of (-2)/(-1*(-5)/(-110))?
4
Let m(o) = 4*o - 17. What is the tens digit of m(8)?
1
Suppose 0 = 2*v - h - 7, 0 = 5*v - 2*h - 20. Let j(m) = -2*m**2 + m**3 - 3 + m**2 - 5*m - 4*m**2. What is the units digit of j(v)?
3
Suppose -4*v + 387 + 113 = 0. What is the tens digit of v?
2
Suppose -t = -2*g + 44, -16 = -3*t + 7*t. What is the units digit of g?
0
What is the tens digit of ((-2 - 2) + 3)*-19?
1
Let m(y) = y**3 - 6*y**2 + 6*y - 2. Let k be m(5). Suppose -5*v = -k*v - 80. What is the units digit of v?
0
Let j be -8*(-2 - 5/(-4)). Suppose -6 = -4*v + j. What is the units digit of v?
3
Let a = 210 + -136. What is the tens digit of a?
7
Suppose 7*z - 507 - 4 = 0. What is the tens digit of z?
7
Let u(j) = -j**2 - 12*j + 10. What is the units digit of u(-9)?
7
Suppose 0 = -4*j - 6*b + 2*b + 100, -5*j + 125 = 4*b. What is the tens digit of j?
2
Let t be (-3)/(-2)*20/15. Let h be (18/10)/(t/10). Suppose -4*r = -h + 1. What is the units digit of r?
2
Let q = 57 + -81. What is the units digit of (42/8)/((-6)/q)?
1
Suppose 5*v + 4*m - 444 = 0, 4*v - 4*m + 53 - 401 = 0. What is the tens digit of v?
8
Let v be (-8)/40 + (-22)/(-10). Suppose -v*g + 7*g - 11 = 3*d, -2*d = -4*g + 8. What is the units digit of g?
1
Let y = -6 - 0. Let x be 2/(-1 + y/(-9)). Let b(p) = -2*p - 8. What is the units digit of b(x)?
4
Let n = -64 + 143. What is the tens digit of n?
7
Let u be (-5 + 7)*(-10)/(-4). Let n(q) be the second derivative of q**3/3 - q**2/2 + q. What is the units digit of n(u)?
9
Suppose z - 4*o = 176 + 30, 4*o + 982 = 5*z. What is the hundreds digit of z?
1
Suppose -3*i + 85 = 4*m, 4*m = -i + 6*i + 61. What is the tens digit of m?
1
Let g(x) = -x**3 + 6*x**2 + 7. Let q be g(6). What is the units digit of 1/2 - q/(-2)?
4
Let q(l) = 5*l + 26. What is the units digit of q(14)?
6
Let r(f) = -f**2 - 6*f - 6. Let h be r(-4). Suppose h*n - 22 = n. What is the units digit of n?
2
Suppose q + 2*n = 1, -q = -4*q + 4*n + 13. What is the tens digit of 2*q/((-12)/(-20))?
1
Suppose 15*a = 11*a. What is the tens digit of (3 - (3 - a)) + 23?
2
Let o(p) = p**3 - 5*p**2 + 13. What is the tens digit of o(6)?
4
Let y(b) = b**3 + 13*b**2 + 13*b + 5. Let j be y(-12). What is the tens digit of (-198)/j + 14/(-49)?
2
Suppose -4*r - 1 = -13. Suppose 0*n + 2*n = 3*x - 42, 3*n + 39 = r*x. What is the tens digit of x?
1
Let r = 11 + -7. What is the units digit of r/(-8)*2/(-1)?
1
Suppose 65 = -5*j + 255. What is the units digit of j?
8
Let q = -27 - -39. Let b = 13 - q. What is the units digit of b?
1
Let i(h) = h**2 - 4. Let z be i(3). Suppose 0 = -2*v + 6, -2*v + z*v - 45 = -3*q. What is the tens digit of q?
1
Let w be (-2)/(-6) + (-61)/3. Let i be 24/w*5/(-2). What is the units digit of i + -2 - 2 - -2?
1
Suppose f = -3*z + 2*f + 113, 2*z + 3*f - 57 = 0. Let r = z - 19. What is the units digit of r?
7
Let k(b) = 3*b - 7. Let z be 1 + -2 + 1 + 8. What is the tens digit of k(z)?
1
Let w(v) = -4*v - 13*v**2 + 2*v + 5*v**2 - v**3 - 8*v - 5. Let s be w(-7). Suppose 0*c + 2*c = s. What is the units digit of c?
8
Suppose 3 + 3 = -i. Let j = 18 + i. What is the tens digit of j?
1
What is the hundreds digit of (-12)/(4/(-6)*99/1408)?
2
Suppose 0 = 3*d + 6 - 0. What is the units digit of d - -35 - (-3 + 2)?
4
Suppose 4*o - 105 = -o. Suppose -2*d = -o - 47. What is the tens digit of d?
3
Let a be (-2 + 4 - -1) + 152. Suppose -2*m - a = -7*m. What is the tens digit of m?
3
Let d(a) be the first derivative of -a**4/4 + 7*a**3/3 - 3*a**2 - 7*a + 2. What is the units digit of d(5)?
3
Let z be (-37)/(-7) + 2/(-7). Suppose -4*g + y = -37, -4*y + 37 = 2*g + z. What is the tens digit of g?
1
What is the tens digit of -1*((-8)/(-4) - 16)?
1
Let l = -41 - -152. What is the units digit of l?
1
Suppose 2*b = 91 + 25. What is the units digit of b?
8
Let d = -3 - 0. Let v(l) = -l**3 - 2*l**2 - 2*l + 1. What is the units digit of v(d)?
6
Suppose -149 = -5*l - 4*d + 18, -5*d - 140 = -5*l. Let o = l - 9. What is the units digit of o?
2
Let x(k) = -2*k - 5. Let t = 3 - 8. What is the units digit of x(t)?
5
What is the units digit of (0 + 1)/(2/30)?
5
Suppose 0 = 2*m - 187 + 41. What is the units digit of m?
3
Suppose -5*m + a + 170 = 0, 0*a - 20 = -4*a. Let w = m + -12. What is the units digit of w?
3
Suppose 2*b = -27 + 5. Let v = b - -20. What is the units digit of v?
9
Let n(d) = -d**3 + 4*d**2 + 5*d + 3. Let p be n(5). Suppose -2*s + 30 = p*x, 2*s + 2*s + x - 50 = 0. What is the units digit of s?
2
Suppose -3*x + 13 = -2. Suppose b - 2*w = 3, -5*b = -b - w - x. What is the units digit of b?
1
Let d(o) = 6*o**2 - 7*o + 3. What is the hundreds digit of d(-7)?
3
Let d be 20/15*(-9)/2. Let c = -16 - d. Let p = -3 - c. What is the units digit of p?
7
Let l = -4 + 6. Suppose 0 = 4*a - 3*a - l. Suppose 31 = 3*x - a*r, 2*x + 55 = 7*x - 5*r. What is the units digit of x?
9
Suppose -4*b + 20 = -52. Let a = b + 5. What is the tens digit of a?
2
Let r = -3 + 5. Let s(g) = g**3 + 2*g**3 + 4 - 4*g**3 - 4*g**r + 4*g. What is the units digit of s(-5)?
9
Suppose -g + 0 = 1. Let z be 0 - 0 - (g + 1). Suppose 5*s + 0*s - 15 = z, -3*h = 3*s - 15. What is the units digit of h?
2
Let w(x) = -11*x**3 - 4*x**2 - 5*x - 6. What is the tens digit of w(-2)?
7
Let r(s) = 0*s + 15 - 2*s + s. Let g be r(0). Suppose -g = -3*n - 6. What is the units digit of n?
3
Suppose -3*i = -2*w - 40, w - 6 = -i + 14. What is the units digit of i?
6
Suppose -4*a + a = -4*s + 54, s - 23 = -4*a. Let n = s - 11. Suppose 0 = 3*l + n - 13. What is the units digit of l?
3
Let v(p) = 3*p**2 + 32*p - 9. What is the tens digit of v(-16)?
4
Suppose -278 = -11*t + 9*t. What is the hundreds digit of t?
1
Suppose 7 = 3*i + 2*l - 138, 180 = 4*i - 4*l. What is the tens digit of i?
4
Let r = 73 - -103. What is the hundreds digit of r?
1
Suppose -c + 0*c = 5*q - 32, 3*q + c - 18 = 0. What is the units digit of q?
7
Suppose -x + 4*w = -109, -2*w = 2*w + 4. Suppose 0 = 5*b - x - 0. What is the tens digit of b?
2
Let x = 88 - 70. What is the units digit of x?
8
Let d(y) be the third derivative of -y**6/120 + y**5/5 - 3*y**4/8 + 4*y**3/3 + 8*y**2. What is the units digit of d(11)?
0
Let f(d) = d**2 - 5*d - 2. Let u be f(4). What is the units digit of u/(-2 + -1) - -2?
4
Suppose -451 = 14*q - 2831. What is the units digit of q?
0
Let a = 311 - 182. What is the hundreds digit of a?
1
Let t be (36/5)/(2/(-60)). Let c be 28/6*t/(-42). Suppose 0 = -3*b + c - 9. What is the units digit of b?
5
Suppose -13 = -2*a + 3. What is the tens digit of ((-12)/(-9))/(a/84)?
1
What is the units digit of (-1 + 436/(-8))*(-4)/6?
7
Suppose 5*o + 5 = -0. Let u = 5 + o. What is the units digit of u?
4
Suppose 2*j - 103 = -5*a, a + j + 64 = 4*a. What is the tens digit of a?
2
Let j(r) = 27*r**2 + 2*r + 1. Let k be j(-1). Let a = k - 16. What is the units digit of a?
0
Let d(q) be the third derivative of 0 + 5/6*q**3 + 1/60*q**5 + 5/24*q**4 + 0*q + q**2. What is the units digit of d(-5)?
5
Let j be ((-4)/3)/(6/18). What is the units digit of 16/((-6)/2 - j)?
6
Let t(j) = j**3 + 5*j**2 + 3*j - 4. Let u be t(-3). Let x = u - 3. Suppose 4*y + 12 = 0, 4 = -x*g - 3*y - 1. What is the units digit of g?
2
Let f = -16 + 19. Suppose 0 = -f*y - 0*y + 15, 2*a + 4*y - 56 = 0. What is the tens digit of a?
1
Let r = 608 - 289. What is the units digit of r?
9
Suppose 4*q - q = 51. What is the units digit of q?
7
Let y(w) = 13*w - 8. Let g(k) = 25*k - 15. Suppose 5*i - 4*i + 8 = -2*l, -3 = i - 3*l. Let z(u) = i*g(u) + 11*y(u). What is the units digit of z(-2)?
6
Suppose 41*w = 40*w + 4. What is the units digit of w?
4
Let i(n) be the second derivative of n**6/360 - 7*n**5/120 + 7*n**4/24 - n**3/6 - n. Let f(o) be the second derivative of i(o). What is the units digit of f(6)?
1
Suppose -o = -5*t + 10, 19 = 5*o - t - t. Let d be (o/(-4))/((-1)/20). Let k = d + -18. What is the units digit of k?
7
Let h = -3 + 2. What is the units digit of (-4 - h) + 5 + 2?
4
Let k = -7 - -9. Suppose 0 = -k*y + f + 52, -